{"id":2799,"date":"2021-07-06T20:09:54","date_gmt":"2021-07-06T18:09:54","guid":{"rendered":"http:\/\/cattedrale.palermo.it\/santarosalia\/?page_id=2799"},"modified":"2021-07-07T22:04:56","modified_gmt":"2021-07-07T20:04:56","slug":"397-festino-il-culto-di-s-rosalia-negli-istituti-di-vita-consacrata","status":"publish","type":"page","link":"https:\/\/cattedrale.palermo.it\/santarosalia\/397-festino-il-culto-di-s-rosalia-negli-istituti-di-vita-consacrata\/","title":{"rendered":"397\u00b0 Festino &#8211; Il culto di S. Rosalia e gli Istituti di Vita Consacrata"},"content":{"rendered":"<div id=\"pl-2799\"  class=\"panel-layout\" ><div id=\"pg-2799-0\"  class=\"panel-grid panel-has-style\" ><div class=\"panel-row-style panel-row-style-for-2799-0\" ><div id=\"pgc-2799-0-0\"  class=\"panel-grid-cell\" ><div id=\"panel-2799-0-0-0\" class=\"so-panel widget widget_sow-editor panel-first-child panel-last-child\" data-index=\"0\" ><div\n\t\t\t\n\t\t\tclass=\"so-widget-sow-editor so-widget-sow-editor-base\"\n\t\t\t\n\t\t>\n<div class=\"siteorigin-widget-tinymce textwidget\">\n\t<p style=\"text-align: center;\"><img loading=\"lazy\" decoding=\"async\" class=\"wp-image-2807\" src=\"http:\/\/cattedrale.palermo.it\/santarosalia\/wp-content\/uploads\/2021\/07\/locandine-vita-consacrata-1.jpg\" alt=\"\" width=\"1200\" height=\"604\" srcset=\"https:\/\/cattedrale.palermo.it\/santarosalia\/wp-content\/uploads\/2021\/07\/locandine-vita-consacrata-1.jpg 1920w, https:\/\/cattedrale.palermo.it\/santarosalia\/wp-content\/uploads\/2021\/07\/locandine-vita-consacrata-1-300x151.jpg 300w, https:\/\/cattedrale.palermo.it\/santarosalia\/wp-content\/uploads\/2021\/07\/locandine-vita-consacrata-1-1024x515.jpg 1024w, https:\/\/cattedrale.palermo.it\/santarosalia\/wp-content\/uploads\/2021\/07\/locandine-vita-consacrata-1-768x386.jpg 768w, https:\/\/cattedrale.palermo.it\/santarosalia\/wp-content\/uploads\/2021\/07\/locandine-vita-consacrata-1-1536x773.jpg 1536w\" sizes=\"auto, (max-width: 1200px) 100vw, 1200px\" \/><\/p>\n<p>Il legame tra Rosalia e gli Istituti di Vita Consacrata \u00e8 stato ed \u00e8 ancora molto stretto ed intenso. Meriterebbe una trattazione. Il culto della Santuzza in conventi e monasteri \u00e8 documentato fin subito dopo la sua morte ed \u00e8 esplos\u00f2 in tutta la sua vastit\u00e0 ed intensit\u00e0 dopo il grande\u00a0 miracolo del 1625 di aver salvato Palermo dalla peste. In quasi tutte le chiese di religiosi e religiose a Santa Rosalia sono stati elevati altari, su cui trovano poste statue o pale d'altare, di grande valore artistico, a lei dedicate.<\/p>\n<p>Per esemplificare questo legame suggeriamo al pellegrino o semplice camminatore \"sui passi di Rosalia\" e lo invitiamo a fare esperienza della attenzione e dell'affetto che le suore di clausura del convento di S. Caterina d'Alessandria nutrivano per la Santa patrona di Palermo, avvertendone un comune sentire anche se vissuto ed espresso in modalit\u00e0 diverse. Lo documentano le opere d'arte: un tondo marmoreo, una statua ed un affresco che decorano la chiesa in Chiesa, e gli oggetti di culto o devozionali che sono esposti nello spazio museale del complesso e soprattutto la reliquia donata alle Suore con Bolla, che ne attesta l'autenticit\u00e0, dal Cardinale Giannettino Doria, Arcivescovo di Palermo. La Reliquia e la bolla custodite in una preziosa teca nei giorni del festino sono esposte in Chiesa.<\/p>\n<p style=\"text-align: center;\"><img loading=\"lazy\" decoding=\"async\" class=\"wp-image-2803 size-full\" src=\"http:\/\/cattedrale.palermo.it\/santarosalia\/wp-content\/uploads\/2021\/07\/santa-caterina-fotomontaggio-con-reliquia-rosalia-rid.jpg\" alt=\"\" width=\"950\" height=\"634\" srcset=\"https:\/\/cattedrale.palermo.it\/santarosalia\/wp-content\/uploads\/2021\/07\/santa-caterina-fotomontaggio-con-reliquia-rosalia-rid.jpg 950w, https:\/\/cattedrale.palermo.it\/santarosalia\/wp-content\/uploads\/2021\/07\/santa-caterina-fotomontaggio-con-reliquia-rosalia-rid-300x200.jpg 300w, https:\/\/cattedrale.palermo.it\/santarosalia\/wp-content\/uploads\/2021\/07\/santa-caterina-fotomontaggio-con-reliquia-rosalia-rid-768x513.jpg 768w, https:\/\/cattedrale.palermo.it\/santarosalia\/wp-content\/uploads\/2021\/07\/santa-caterina-fotomontaggio-con-reliquia-rosalia-rid-272x182.jpg 272w\" sizes=\"auto, (max-width: 950px) 100vw, 950px\" \/><\/p>\n<p>Le suore fin che hanno abitato nel convento non hanno fatto mai mancare a S. Rosalia l'omaggio floreale al passaggio della solenne processione del 15 luglio. L'urna veniva fatta fermare sotto le grate delle celle del convento e mentre la banda intonava le note dell'inno a S. Rosalia su di essa facevano cadere una pioggia di petali di rose.<\/p>\n<p>La visita si conclude alla \"dolceria del Monastero\" dove \u00e8 possibile gustare dolci tipici del periodo del Festino insieme a tante altre prelibatezze dolciarie che traggono riferimento ed ispirazione dai laboratori di dolci dei Monasteri palermitani.<\/p>\n<p><strong>Contributi Video:\u00a0<\/strong><\/p>\n<ul>\n<li><a href=\"https:\/\/youtu.be\/fgb3RYr13lE\" target=\"_blank\" rel=\"noopener\">Stupor Mundi, Compagnia canto popolare Palermo, convento Santa Maria del Ges\u00f9 (Palermo) &gt;&gt;<\/a><\/li>\n<\/ul>\n<p><strong>Chiesa e Monastero di S. Caterina D'Alessandria d'Egitto<\/strong>\u00a0- Piazza Bellini - 90133 Palermo -\u00a0<strong>contatti<\/strong>:\u00a0<a href=\"https:\/\/www.facebook.com\/Chiesa-Santa-Caterina-dAlessandria-425660144491504\/\" target=\"_blank\" rel=\"noopener\">Pagina Facebook &gt;&gt;<\/a>\u00a0 - email: info.monasterosantacaterina@gmail.com - tel.:\u00a0091.2713837<\/p>\n<p><img loading=\"lazy\" decoding=\"async\" class=\"alignleft size-full wp-image-785\" src=\"http:\/\/cattedrale.palermo.it\/santarosalia\/wp-content\/uploads\/2019\/06\/geolocalizzazione-google-maps-3d.jpg\" alt=\"\" width=\"300\" height=\"110\" \/><\/p>\n<p>&nbsp;<\/p>\n<\/div>\n<\/div><\/div><\/div><\/div><\/div><\/div>","protected":false},"excerpt":{"rendered":"<p>Il legame tra Rosalia e gli Istituti di Vita Consacrata \u00e8 stato ed \u00e8 ancora molto stretto ed intenso. Meriterebbe una trattazione. Il culto della Santuzza in conventi e monasteri \u00e8 documentato fin subito dopo la sua morte ed \u00e8 esplos\u00f2 in tutta la sua vastit\u00e0 ed intensit\u00e0 dopo il grande\u00a0 miracolo del 1625 di [&hellip;]<\/p>\n","protected":false},"author":1,"featured_media":0,"parent":0,"menu_order":0,"comment_status":"closed","ping_status":"closed","template":"","meta":{"vkexunit_cta_each_option":"","footnotes":""},"class_list":["post-2799","page","type-page","status-publish","hentry"],"_links":{"self":[{"href":"https:\/\/cattedrale.palermo.it\/santarosalia\/wp-json\/wp\/v2\/pages\/2799","targetHints":{"allow":["GET"]}}],"collection":[{"href":"https:\/\/cattedrale.palermo.it\/santarosalia\/wp-json\/wp\/v2\/pages"}],"about":[{"href":"https:\/\/cattedrale.palermo.it\/santarosalia\/wp-json\/wp\/v2\/types\/page"}],"author":[{"embeddable":true,"href":"https:\/\/cattedrale.palermo.it\/santarosalia\/wp-json\/wp\/v2\/users\/1"}],"replies":[{"embeddable":true,"href":"https:\/\/cattedrale.palermo.it\/santarosalia\/wp-json\/wp\/v2\/comments?post=2799"}],"version-history":[{"count":7,"href":"https:\/\/cattedrale.palermo.it\/santarosalia\/wp-json\/wp\/v2\/pages\/2799\/revisions"}],"predecessor-version":[{"id":2837,"href":"https:\/\/cattedrale.palermo.it\/santarosalia\/wp-json\/wp\/v2\/pages\/2799\/revisions\/2837"}],"wp:attachment":[{"href":"https:\/\/cattedrale.palermo.it\/santarosalia\/wp-json\/wp\/v2\/media?parent=2799"}],"curies":[{"name":"wp","href":"https:\/\/api.w.org\/{rel}","templated":true}]}}