{"id":298,"date":"2019-04-18T16:25:07","date_gmt":"2019-04-18T14:25:07","guid":{"rendered":"http:\/\/cattedrale.palermo.it\/santarosalia\/?page_id=298"},"modified":"2023-07-29T09:17:36","modified_gmt":"2023-07-29T07:17:36","slug":"santa-rosalia-nei-social-media","status":"publish","type":"page","link":"https:\/\/cattedrale.palermo.it\/santarosalia\/santa-rosalia-nei-social-media\/","title":{"rendered":"Santa Rosalia nei Social Media"},"content":{"rendered":"<div id=\"pl-298\"  class=\"panel-layout\" ><div id=\"pg-298-0\"  class=\"panel-grid panel-has-style\" ><div class=\"panel-row-style panel-row-style-for-298-0\" ><div id=\"pgc-298-0-0\"  class=\"panel-grid-cell\" ><div id=\"panel-298-0-0-0\" class=\"so-panel widget widget_sow-editor panel-first-child panel-last-child\" data-index=\"0\" ><div class=\"panel-widget-style panel-widget-style-for-298-0-0-0\" ><div\n\t\t\t\n\t\t\tclass=\"so-widget-sow-editor so-widget-sow-editor-base\"\n\t\t\t\n\t\t>\n<div class=\"siteorigin-widget-tinymce textwidget\">\n\t<p style=\"text-align: center;\"><img loading=\"lazy\" decoding=\"async\" class=\"aligncenter size-full wp-image-10227\" src=\"https:\/\/cattedrale.palermo.it\/santarosalia\/wp-content\/uploads\/2023\/07\/santa-rosalia-social-media.jpg\" alt=\"\" width=\"1200\" height=\"400\" srcset=\"https:\/\/cattedrale.palermo.it\/santarosalia\/wp-content\/uploads\/2023\/07\/santa-rosalia-social-media.jpg 1200w, https:\/\/cattedrale.palermo.it\/santarosalia\/wp-content\/uploads\/2023\/07\/santa-rosalia-social-media-300x100.jpg 300w, https:\/\/cattedrale.palermo.it\/santarosalia\/wp-content\/uploads\/2023\/07\/santa-rosalia-social-media-1024x341.jpg 1024w, https:\/\/cattedrale.palermo.it\/santarosalia\/wp-content\/uploads\/2023\/07\/santa-rosalia-social-media-768x256.jpg 768w\" sizes=\"auto, (max-width: 1200px) 100vw, 1200px\" \/><\/p>\n<\/div>\n<\/div><\/div><\/div><\/div><\/div><\/div><div id=\"pg-298-1\"  class=\"panel-grid panel-has-style\" ><div class=\"panel-row-style panel-row-style-for-298-1\" ><div id=\"pgc-298-1-0\"  class=\"panel-grid-cell\" ><div id=\"panel-298-1-0-0\" class=\"so-panel widget widget_sow-editor panel-first-child panel-last-child\" data-index=\"1\" ><div class=\"panel-widget-style panel-widget-style-for-298-1-0-0\" ><div\n\t\t\t\n\t\t\tclass=\"so-widget-sow-editor so-widget-sow-editor-base\"\n\t\t\t\n\t\t>\n<div class=\"siteorigin-widget-tinymce textwidget\">\n\t<p>Essendo Santa Rosalia una Santa popolare, molto amata e con devoti sparsi in tutto il mondo non poteva mancare una invasione nella rete web di siti e pagine \"social\" a lei dedicati. Traspare, navigando tra le migliaia di \"pagine\" e \"post\", la volont\u00e0 di gestori ed utenti di rendere costantemente presente S. Rosalia e la sua esemplare vita nel vissuto dei suoi devoti. Vi si fa esperienza condivisa dei tanti modi di essere devoto alla Santuzza, recuperando quelle del passato ma anche realizzandone di nuove. Si sono venute a cos\u00ec a creare delle vere e proprie comunit\u00e0, spesso unite in vincoli di \"rete\".<\/p>\n<h4 style=\"text-align: center;\"><span style=\"color: #0000ff;\"><strong>Santa Rosalia in <\/strong><\/span><img loading=\"lazy\" decoding=\"async\" class=\"aligncenter size-full wp-image-301\" src=\"http:\/\/cattedrale.palermo.it\/santarosalia\/wp-content\/uploads\/2019\/04\/2017logofacebooklungo.jpg\" alt=\"\" width=\"378\" height=\"133\" srcset=\"https:\/\/cattedrale.palermo.it\/santarosalia\/wp-content\/uploads\/2019\/04\/2017logofacebooklungo.jpg 378w, https:\/\/cattedrale.palermo.it\/santarosalia\/wp-content\/uploads\/2019\/04\/2017logofacebooklungo-300x106.jpg 300w\" sizes=\"auto, (max-width: 378px) 100vw, 378px\" \/><\/h4>\n<p>Di seguito linkiamo alcune pagine in facebook dedicate a S. Rosalia per iniziativa di gruppi di preghiera, di devoti o comunit\u00e0 ecclesiali precisando che questo non si traduce in condivisione o corresponsabilit\u00e0 di quanto in queste pubblicato che rimane nella unica responsabilit\u00e0 dei gestori e degli autori dei post.<\/p>\n<ul>\n<li><a href=\"https:\/\/www.facebook.com\/SantaRosaliadiPalermo\/\" target=\"_blank\" rel=\"noopener\"><strong>Santa Rosalia di Palermo &gt;&gt;<\/strong><\/a><\/li>\n<li><a href=\"https:\/\/www.facebook.com\/associazionesantarosalia\/\" target=\"_blank\" rel=\"noopener\"><strong>Associazione S. Rosalia &gt;&gt;<\/strong><\/a><\/li>\n<li><a href=\"https:\/\/www.facebook.com\/CappellaSantaRosaliaAlMonteDiPieta\/\" target=\"_blank\" rel=\"noopener\"><strong>Cappella S. Rosalia al Monte di Piet\u00e0 &gt;&gt;<\/strong><\/a><\/li>\n<li><a href=\"https:\/\/www.facebook.com\/SantaRosaliaBoston\/\" target=\"_blank\" rel=\"noopener\"><strong>Santa Rosalia Di Palermo Society Boston &gt;&gt;<\/strong><\/a><\/li>\n<\/ul>\n<p>Linkiamo anche, cliccando sulla foto sotto, per completezza di informazione, l'elenco completo di Facebook delle pagine dedicate a S. Rosalia nel social informando gli utenti che alcune di queste pagine non hanno attinenza con la devozione a Santa Rosalia ma ad Associazioni soprattutto culturali e sportive o iniziative commerciali intitolate alla Santa o ad altri portatori di interesse.<\/p>\n<p style=\"text-align: center;\"><img loading=\"lazy\" decoding=\"async\" class=\"aligncenter size-full wp-image-303\" src=\"http:\/\/cattedrale.palermo.it\/santarosalia\/wp-content\/uploads\/2019\/04\/rosaliafbmondo.jpg\" alt=\"\" width=\"950\" height=\"475\" srcset=\"https:\/\/cattedrale.palermo.it\/santarosalia\/wp-content\/uploads\/2019\/04\/rosaliafbmondo.jpg 950w, https:\/\/cattedrale.palermo.it\/santarosalia\/wp-content\/uploads\/2019\/04\/rosaliafbmondo-300x150.jpg 300w, https:\/\/cattedrale.palermo.it\/santarosalia\/wp-content\/uploads\/2019\/04\/rosaliafbmondo-768x384.jpg 768w\" sizes=\"auto, (max-width: 950px) 100vw, 950px\" \/><\/p>\n<h4><\/h4>\n<h4 style=\"text-align: center;\"><span style=\"color: #993300;\"><strong>Santa Rosalia in<\/strong><\/span><\/h4>\n<p style=\"text-align: center;\"><img loading=\"lazy\" decoding=\"async\" class=\"aligncenter size-full wp-image-305\" src=\"http:\/\/cattedrale.palermo.it\/santarosalia\/wp-content\/uploads\/2019\/04\/2017logoyoutubelungo.jpg\" alt=\"\" width=\"389\" height=\"130\" srcset=\"https:\/\/cattedrale.palermo.it\/santarosalia\/wp-content\/uploads\/2019\/04\/2017logoyoutubelungo.jpg 389w, https:\/\/cattedrale.palermo.it\/santarosalia\/wp-content\/uploads\/2019\/04\/2017logoyoutubelungo-300x100.jpg 300w\" sizes=\"auto, (max-width: 389px) 100vw, 389px\" \/><\/p>\n<p>&nbsp;<\/p>\n<p>le raccolte che abbiamo trovato:<\/p>\n<ul>\n<li><a href=\"https:\/\/www.youtube.com\/results?search_query=Santa+Rosalia\" target=\"_blank\" rel=\"noopener\"><strong>tutti i video su S. Rosalia &gt;&gt;<\/strong><\/a><\/li>\n<li><a href=\"https:\/\/www.youtube.com\/results?search_query=Santa+Rosalia+le+processioni\" target=\"_blank\" rel=\"noopener\"><strong>tutti i video su processioni &gt;&gt;<\/strong><\/a><\/li>\n<li><a href=\"https:\/\/www.youtube.com\/results?search_query=Santa+Rosalia+il+festino\" target=\"_blank\" rel=\"noopener\"><strong>tutti i video su \"Festino\" &gt;&gt;<\/strong><\/a><\/li>\n<li><a href=\"https:\/\/www.youtube.com\/results?search_query=Santa+Rosalia+u+triunfu\" target=\"_blank\" rel=\"noopener\"><strong>tutti i video su\u00a0 \"Triunfu\" &gt;&gt;<\/strong><\/a><\/li>\n<\/ul>\n<\/div>\n<\/div><\/div><\/div><\/div><\/div><\/div><div id=\"pg-298-2\"  class=\"panel-grid panel-has-style\" ><div class=\"panel-row-style panel-row-style-for-298-2\" ><div id=\"pgc-298-2-0\"  class=\"panel-grid-cell\" ><div id=\"panel-298-2-0-0\" class=\"so-panel widget widget_sow-editor panel-first-child panel-last-child\" data-index=\"2\" ><div\n\t\t\t\n\t\t\tclass=\"so-widget-sow-editor so-widget-sow-editor-base\"\n\t\t\t\n\t\t>\n<div class=\"siteorigin-widget-tinymce textwidget\">\n\t<\/div>\n<\/div><\/div><\/div><\/div><\/div><\/div>","protected":false},"excerpt":{"rendered":"<p>Essendo Santa Rosalia una Santa popolare, molto amata e con devoti sparsi in tutto il mondo non poteva mancare una invasione nella rete web di siti e pagine &#8220;social&#8221; a lei dedicati. Traspare, navigando tra le migliaia di &#8220;pagine&#8221; e &#8220;post&#8221;, la volont\u00e0 di gestori ed utenti di rendere costantemente presente S. Rosalia e la [&hellip;]<\/p>\n","protected":false},"author":1,"featured_media":0,"parent":0,"menu_order":0,"comment_status":"closed","ping_status":"closed","template":"","meta":{"vkexunit_cta_each_option":"","footnotes":""},"class_list":["post-298","page","type-page","status-publish","hentry"],"_links":{"self":[{"href":"https:\/\/cattedrale.palermo.it\/santarosalia\/wp-json\/wp\/v2\/pages\/298","targetHints":{"allow":["GET"]}}],"collection":[{"href":"https:\/\/cattedrale.palermo.it\/santarosalia\/wp-json\/wp\/v2\/pages"}],"about":[{"href":"https:\/\/cattedrale.palermo.it\/santarosalia\/wp-json\/wp\/v2\/types\/page"}],"author":[{"embeddable":true,"href":"https:\/\/cattedrale.palermo.it\/santarosalia\/wp-json\/wp\/v2\/users\/1"}],"replies":[{"embeddable":true,"href":"https:\/\/cattedrale.palermo.it\/santarosalia\/wp-json\/wp\/v2\/comments?post=298"}],"version-history":[{"count":15,"href":"https:\/\/cattedrale.palermo.it\/santarosalia\/wp-json\/wp\/v2\/pages\/298\/revisions"}],"predecessor-version":[{"id":10228,"href":"https:\/\/cattedrale.palermo.it\/santarosalia\/wp-json\/wp\/v2\/pages\/298\/revisions\/10228"}],"wp:attachment":[{"href":"https:\/\/cattedrale.palermo.it\/santarosalia\/wp-json\/wp\/v2\/media?parent=298"}],"curies":[{"name":"wp","href":"https:\/\/api.w.org\/{rel}","templated":true}]}}